{"id":16,"date":"2025-03-28T18:35:27","date_gmt":"2025-03-28T18:35:27","guid":{"rendered":"https:\/\/erfmann.dev\/?page_id=16"},"modified":"2025-03-28T19:28:25","modified_gmt":"2025-03-28T19:28:25","slug":"home","status":"publish","type":"page","link":"https:\/\/erfmann.dev\/","title":{"rendered":"Home"},"content":{"rendered":"\n<div class=\"wp-block-cover alignfull is-light hero-pattern\" style=\"min-height:34rem;aspect-ratio:unset;\"><span aria-hidden=\"true\" class=\"wp-block-cover__background has-background-dim-100 has-background-dim\" style=\"background-color:#f5f7fa\"><\/span><div class=\"wp-block-cover__inner-container is-layout-flow wp-block-cover-is-layout-flow\">\n<div class=\"wp-block-group is-layout-constrained wp-block-group-is-layout-constrained\">\n<div class=\"wp-block-columns alignwide p-animation-text-moveUp is-layout-flex wp-container-core-columns-is-layout-1b715042 wp-block-columns-is-layout-flex\">\n<div class=\"wp-block-column is-vertically-aligned-center is-layout-flow wp-block-column-is-layout-flow\">\n<h1 class=\"wp-block-heading has-text-primary-color has-text-color\">Digitale L\u00f6sungen, die zu ihnen passen.<\/h1>\n\n\n\n<div style=\"height:8px\" aria-hidden=\"true\" class=\"wp-block-spacer\"><\/div>\n\n\n\n<p class=\"has-text-primary-color has-text-color\">Ob Online-Shop, Inventur-System oder etwas ganz anderes: Erz\u00e4hlen Sie mir von Ihrer Idee \u2013 ich setze sie f\u00fcr Sie um.<\/p>\n\n\n\n<div style=\"height:16px\" aria-hidden=\"true\" class=\"wp-block-spacer\"><\/div>\n\n\n\n<div class=\"wp-block-buttons is-layout-flex wp-block-buttons-is-layout-flex\">\n<div class=\"wp-block-button\"><a class=\"wp-block-button__link wp-element-button\" href=\"https:\/\/erfmann.dev\/index.php\/kontakt\/\">Kontakt<\/a><\/div>\n<\/div>\n<\/div>\n\n\n\n<div class=\"wp-block-column is-vertically-aligned-center is-layout-flow wp-block-column-is-layout-flow\">\n<figure class=\"wp-block-image size-full\"><img decoding=\"async\" src=\"https:\/\/erfmann.dev\/wp-content\/themes\/prespa\/assets\/img\/patterns\/header-illustration.png\" alt=\"\" class=\"wp-image-2027\"\/><\/figure>\n<\/div>\n<\/div>\n<\/div>\n<\/div><\/div>\n\n\n\n<div class=\"wp-block-group pattern-features p-animation-move-sideways is-layout-constrained wp-container-core-group-is-layout-5986cb94 wp-block-group-is-layout-constrained\" style=\"margin-top:0;margin-bottom:var(--wp--preset--spacing--xx-large);padding-top:0;padding-right:0;padding-bottom:0;padding-left:0\"><\/div>\n\n\n\n<div class=\"wp-block-group is-layout-constrained wp-block-group-is-layout-constrained\" style=\"padding-top:var(--wp--preset--spacing--large);padding-bottom:var(--wp--preset--spacing--large)\">\n<h2 class=\"wp-block-heading has-text-align-center p-animation-moveUp\" style=\"letter-spacing:-0.03em;line-height:1.1;text-transform:none\">Erleben Sie Software, die begeistert \u2013 leistungsstark, intuitiv, ma\u00dfgeschneidert<\/h2>\n\n\n\n<p class=\"has-text-align-center p-animation-moveUp\"><\/p>\n\n\n\n<div class=\"wp-block-columns p-animation-text-moveUp is-layout-flex wp-container-core-columns-is-layout-d8a81c52 wp-block-columns-is-layout-flex\" style=\"margin-bottom:0;padding-top:var(--wp--preset--spacing--large);padding-right:0;padding-bottom:var(--wp--preset--spacing--large);padding-left:0\">\n<div class=\"wp-block-column is-layout-flow wp-block-column-is-layout-flow\">\n<div class=\"wp-block-columns is-layout-flex wp-container-core-columns-is-layout-28f84493 wp-block-columns-is-layout-flex\">\n<div class=\"wp-block-column is-layout-flow wp-block-column-is-layout-flow\">\n<figure class=\"wp-block-image size-full has-custom-border\"><img decoding=\"async\" src=\"https:\/\/erfmann.dev\/wp-content\/themes\/prespa\/assets\/img\/patterns\/how-it-works-part-1.png\" alt=\"\" class=\"wp-image-288\" style=\"border-radius:6px\"\/><\/figure>\n<\/div>\n<\/div>\n<\/div>\n\n\n\n<div class=\"wp-block-column is-vertically-aligned-center is-layout-flow wp-block-column-is-layout-flow\">\n<h3 class=\"wp-block-heading\" style=\"padding-bottom:var(--wp--preset--spacing--xx-small);letter-spacing:-0.02em;line-height:1.2\">Zeit f\u00fcr moderne Software<\/h3>\n\n\n\n<p style=\"margin-bottom:var(--wp--preset--spacing--large)\">Schluss mit Benutzeroberfl\u00e4chen wie aus den 90ern \u2013 erleben Sie intuitive, elegante und zeitgem\u00e4\u00dfe Anwendungen, die wirklich \u00fcberzeugen.<\/p>\n<\/div>\n<\/div>\n\n\n\n<div class=\"wp-block-columns is-swap-on-mobile p-animation-text-moveUp is-layout-flex wp-container-core-columns-is-layout-13455e4b wp-block-columns-is-layout-flex\" style=\"margin-bottom:var(--wp--preset--spacing--large)\">\n<div class=\"wp-block-column is-vertically-aligned-center is-layout-flow wp-block-column-is-layout-flow\">\n<h3 class=\"wp-block-heading\" style=\"padding-bottom:var(--wp--preset--spacing--xx-small);letter-spacing:-0.02em;line-height:1.2\">Ma\u00dfgeschneiderte Software f\u00fcr Ihr Team<\/h3>\n\n\n\n<p style=\"margin-bottom:var(--wp--preset--spacing--large)\">Jedes Team arbeitet anders \u2013 deshalb entwickle ich individuelle L\u00f6sungen, die sich nahtlos in Ihre Abl\u00e4ufe einf\u00fcgen und die t\u00e4gliche Zusammenarbeit sp\u00fcrbar effizienter machen.<\/p>\n<\/div>\n\n\n\n<div class=\"wp-block-column is-layout-flow wp-block-column-is-layout-flow\">\n<div class=\"wp-block-columns is-layout-flex wp-container-core-columns-is-layout-28f84493 wp-block-columns-is-layout-flex\">\n<div class=\"wp-block-column is-layout-flow wp-block-column-is-layout-flow\">\n<figure class=\"wp-block-image size-full has-custom-border\"><img decoding=\"async\" src=\"https:\/\/erfmann.dev\/wp-content\/themes\/prespa\/assets\/img\/patterns\/how-it-works-part-2.png\" alt=\"\" class=\"wp-image-288\" style=\"border-radius:6px\"\/><\/figure>\n<\/div>\n<\/div>\n<\/div>\n<\/div>\n\n\n\n<div class=\"wp-block-columns p-animation-text-moveUp is-layout-flex wp-container-core-columns-is-layout-318252f0 wp-block-columns-is-layout-flex\">\n<div class=\"wp-block-column is-layout-flow wp-block-column-is-layout-flow\">\n<div class=\"wp-block-columns is-layout-flex wp-container-core-columns-is-layout-28f84493 wp-block-columns-is-layout-flex\">\n<div class=\"wp-block-column is-layout-flow wp-block-column-is-layout-flow\">\n<figure class=\"wp-block-image size-full has-custom-border\"><img decoding=\"async\" src=\"https:\/\/erfmann.dev\/wp-content\/themes\/prespa\/assets\/img\/patterns\/how-it-works-part-3.png\" alt=\"\" class=\"wp-image-288\" style=\"border-radius:6px\"\/><\/figure>\n<\/div>\n<\/div>\n<\/div>\n\n\n\n<div class=\"wp-block-column is-vertically-aligned-center is-layout-flow wp-block-column-is-layout-flow\">\n<h3 class=\"wp-block-heading\" style=\"padding-bottom:var(--wp--preset--spacing--xx-small);letter-spacing:-0.02em;line-height:1.2\">Keine Abos. Keine \u00dcberraschungen. Nur Ihre Software.<\/h3>\n\n\n\n<p style=\"margin-bottom:var(--wp--preset--spacing--large)\">Sind Sie es auch leid, jedes Jahr erneut f\u00fcr teure Abo-Modelle zu zahlen? Bei mir investieren Sie einmalig in die Entwicklung \u2013 und die Software geh\u00f6rt danach ganz Ihnen. F\u00fcr immer.<\/p>\n<\/div>\n<\/div>\n<\/div>\n\n\n\n<div class=\"wp-block-group pattern-services is-layout-constrained wp-block-group-is-layout-constrained\" style=\"padding-top:var(--wp--preset--spacing--medium);padding-bottom:var(--wp--preset--spacing--medium)\">\n<h2 class=\"wp-block-heading has-text-align-center\">Meine Services<\/h2>\n\n\n\n<p class=\"has-text-align-center\">Das kann ich ihnen bieten.<\/p>\n\n\n\n<div style=\"height:1rem\" aria-hidden=\"true\" class=\"wp-block-spacer\"><\/div>\n\n\n\n<div class=\"wp-block-columns p-animation-move-sideways is-layout-flex wp-container-core-columns-is-layout-318252f0 wp-block-columns-is-layout-flex\">\n<div class=\"wp-block-column is-layout-flow wp-block-column-is-layout-flow\">\n<figure class=\"wp-block-image size-full\"><img loading=\"lazy\" decoding=\"async\" width=\"960\" height=\"640\" src=\"https:\/\/erfmann.dev\/wp-content\/uploads\/2025\/03\/engineer-4904884_960_720.jpg\" alt=\"\" class=\"wp-image-56\" srcset=\"https:\/\/erfmann.dev\/wp-content\/uploads\/2025\/03\/engineer-4904884_960_720.jpg 960w, https:\/\/erfmann.dev\/wp-content\/uploads\/2025\/03\/engineer-4904884_960_720-300x200.jpg 300w, https:\/\/erfmann.dev\/wp-content\/uploads\/2025\/03\/engineer-4904884_960_720-768x512.jpg 768w\" sizes=\"auto, (max-width: 960px) 100vw, 960px\" \/><\/figure>\n\n\n\n<div class=\"wp-block-group has-gray-background-color has-background is-layout-constrained wp-container-core-group-is-layout-dbf27b9b wp-block-group-is-layout-constrained\" style=\"padding-top:var(--wp--preset--spacing--small);padding-right:var(--wp--preset--spacing--small);padding-bottom:var(--wp--preset--spacing--small);padding-left:var(--wp--preset--spacing--small)\">\n<h3 class=\"wp-block-heading\">Individuelle Softwareentwicklung<\/h3>\n\n\n\n<p>Ich entwickle ma\u00dfgeschneiderte Softwarel\u00f6sungen, die exakt auf Ihre Anforderungen abgestimmt sind \u2013 funktional, modern und zukunftssicher. <\/p>\n<\/div>\n<\/div>\n\n\n\n<div class=\"wp-block-column is-layout-flow wp-block-column-is-layout-flow\">\n<figure class=\"wp-block-image size-full\"><img loading=\"lazy\" decoding=\"async\" width=\"1280\" height=\"854\" src=\"https:\/\/erfmann.dev\/wp-content\/uploads\/2025\/03\/software-development-6523979_1280.jpg\" alt=\"\" class=\"wp-image-58\" srcset=\"https:\/\/erfmann.dev\/wp-content\/uploads\/2025\/03\/software-development-6523979_1280.jpg 1280w, https:\/\/erfmann.dev\/wp-content\/uploads\/2025\/03\/software-development-6523979_1280-300x200.jpg 300w, https:\/\/erfmann.dev\/wp-content\/uploads\/2025\/03\/software-development-6523979_1280-1024x683.jpg 1024w, https:\/\/erfmann.dev\/wp-content\/uploads\/2025\/03\/software-development-6523979_1280-768x512.jpg 768w\" sizes=\"auto, (max-width: 1280px) 100vw, 1280px\" \/><\/figure>\n\n\n\n<div class=\"wp-block-group has-gray-background-color has-background is-layout-constrained wp-container-core-group-is-layout-dbf27b9b wp-block-group-is-layout-constrained\" style=\"padding-top:var(--wp--preset--spacing--small);padding-right:var(--wp--preset--spacing--small);padding-bottom:var(--wp--preset--spacing--small);padding-left:var(--wp--preset--spacing--small)\">\n<h3 class=\"wp-block-heading\">Wartung bestehender Software<\/h3>\n\n\n\n<p>Ihre Software l\u00e4uft nicht mehr rund oder braucht Updates? Ich \u00fcbernehme die Wartung, Pflege und Weiterentwicklung \u2013 damit alles wieder zuverl\u00e4ssig funktioniert und sicher bleibt.<\/p>\n<\/div>\n<\/div>\n\n\n\n<div class=\"wp-block-column is-layout-flow wp-block-column-is-layout-flow\">\n<figure class=\"wp-block-image size-full\"><img loading=\"lazy\" decoding=\"async\" width=\"960\" height=\"719\" src=\"https:\/\/erfmann.dev\/wp-content\/uploads\/2025\/03\/cpu-4242470_960_720.jpg\" alt=\"\" class=\"wp-image-60\" srcset=\"https:\/\/erfmann.dev\/wp-content\/uploads\/2025\/03\/cpu-4242470_960_720.jpg 960w, https:\/\/erfmann.dev\/wp-content\/uploads\/2025\/03\/cpu-4242470_960_720-300x225.jpg 300w, https:\/\/erfmann.dev\/wp-content\/uploads\/2025\/03\/cpu-4242470_960_720-768x575.jpg 768w\" sizes=\"auto, (max-width: 960px) 100vw, 960px\" \/><\/figure>\n\n\n\n<div class=\"wp-block-group has-gray-background-color has-background is-layout-constrained wp-container-core-group-is-layout-dbf27b9b wp-block-group-is-layout-constrained\" style=\"padding-top:var(--wp--preset--spacing--small);padding-right:var(--wp--preset--spacing--small);padding-bottom:var(--wp--preset--spacing--small);padding-left:var(--wp--preset--spacing--small)\">\n<h3 class=\"wp-block-heading\">Allgemeine PC-Hilfe &amp; Support<\/h3>\n\n\n\n<p>Ob unerkl\u00e4rliche Fehlermeldung oder langsamer Rechner \u2013 ich unterst\u00fctze Sie bei allen Fragen rund um Ihren PC. Schnell, verst\u00e4ndlich und mit einem klaren Ziel: L\u00f6sungen, die funktionieren.<\/p>\n<\/div>\n<\/div>\n<\/div>\n\n\n\n<div style=\"height:2rem\" aria-hidden=\"true\" class=\"wp-block-spacer\"><\/div>\n<\/div>\n\n\n\n<div class=\"wp-block-group alignfull section-stats-counter has-gray-background-color has-background is-layout-constrained wp-block-group-is-layout-constrained\">\n<div class=\"wp-block-columns is-layout-flex wp-container-core-columns-is-layout-0cd477d5 wp-block-columns-is-layout-flex\" style=\"padding-top:var(--wp--preset--spacing--small);padding-bottom:var(--wp--preset--spacing--small)\">\n<div class=\"wp-block-column is-layout-flow wp-block-column-is-layout-flow\" style=\"padding-top:var(--wp--preset--spacing--small);padding-bottom:var(--wp--preset--spacing--small)\">\n<figure class=\"wp-block-image aligncenter size-full\"><img decoding=\"async\" src=\"https:\/\/erfmann.dev\/wp-content\/themes\/prespa\/assets\/img\/patterns\/icons\/home.svg\" alt=\"\" class=\"wp-image-2079\"\/><\/figure>\n\n\n\n<h2 class=\"wp-block-heading has-text-align-center has-large-font-size\">2022<\/h2>\n\n\n\n<p class=\"has-text-align-center\">Since<\/p>\n<\/div>\n\n\n\n<div class=\"wp-block-column increase is-layout-flow wp-block-column-is-layout-flow\" style=\"padding-top:var(--wp--preset--spacing--small);padding-bottom:var(--wp--preset--spacing--small)\">\n<figure class=\"wp-block-image aligncenter size-full\"><img decoding=\"async\" src=\"https:\/\/erfmann.dev\/wp-content\/themes\/prespa\/assets\/img\/patterns\/icons\/check-square.svg\" alt=\"\" class=\"wp-image-2079\"\/><\/figure>\n\n\n\n<h2 class=\"wp-block-heading has-text-align-center has-large-font-size\">100%<\/h2>\n\n\n\n<p class=\"has-text-align-center\">Erfolgreiche Projekte<\/p>\n<\/div>\n\n\n\n<div class=\"wp-block-column increase is-layout-flow wp-block-column-is-layout-flow\" style=\"padding-top:var(--wp--preset--spacing--small);padding-bottom:var(--wp--preset--spacing--small)\">\n<figure class=\"wp-block-image aligncenter size-full\"><img decoding=\"async\" src=\"https:\/\/erfmann.dev\/wp-content\/themes\/prespa\/assets\/img\/patterns\/icons\/user-check.svg\" alt=\"\" class=\"wp-image-2079\"\/><\/figure>\n\n\n\n<h2 class=\"wp-block-heading has-text-align-center has-large-font-size\">4<\/h2>\n\n\n\n<p class=\"has-text-align-center\">Gl\u00fcckliche Kunden<\/p>\n<\/div>\n<\/div>\n<\/div>\n\n\n\n<div class=\"wp-block-group alignfull section-faq has-gray-background-color has-background is-layout-constrained wp-block-group-is-layout-constrained\">\n<div style=\"height:2rem\" aria-hidden=\"true\" class=\"wp-block-spacer\"><\/div>\n\n\n\n<h2 class=\"wp-block-heading has-text-align-center has-large-font-size\">H\u00e4ufig gestellte Fragen<\/h2>\n\n\n\n<div style=\"height:1rem\" aria-hidden=\"true\" class=\"wp-block-spacer\"><\/div>\n\n\n\n<div class=\"wp-block-columns is-layout-flex wp-container-core-columns-is-layout-ccbb6516 wp-block-columns-is-layout-flex\" style=\"padding-bottom:var(--wp--preset--spacing--small)\">\n<div class=\"wp-block-column is-layout-flow wp-block-column-is-layout-flow\" style=\"padding-top:var(--wp--preset--spacing--small);padding-right:var(--wp--preset--spacing--small);padding-bottom:var(--wp--preset--spacing--small);padding-left:var(--wp--preset--spacing--small)\">\n<div class=\"wp-block-group p-animation-text-transform is-layout-constrained wp-block-group-is-layout-constrained\" style=\"padding-bottom:var(--wp--preset--spacing--medium)\">\n<h4 class=\"wp-block-heading\">Was kostet eine individuelle Softwareentwicklung?<\/h4>\n\n\n\n<p>Die Kosten h\u00e4ngen vom Umfang und der Komplexit\u00e4t Ihres Projekts ab. Nach einem kostenlosen Erstgespr\u00e4ch erhalten Sie ein transparentes, verbindliches Angebot \u2013 ohne versteckte Kosten oder Abo-Modelle.<\/p>\n<\/div>\n\n\n\n<div class=\"wp-block-group p-animation-text-transform is-layout-constrained wp-block-group-is-layout-constrained\" style=\"padding-bottom:var(--wp--preset--spacing--medium)\">\n<h4 class=\"wp-block-heading\">Arbeiten Sie auch mit bestehenden Systemen?<\/h4>\n\n\n\n<p>Ja. Ich \u00fcbernehme gern die Wartung, Erweiterung oder Optimierung Ihrer vorhandenen Software \u2013 unabh\u00e4ngig davon, ob ich sie urspr\u00fcnglich entwickelt habe.<\/p>\n<\/div>\n\n\n\n<div class=\"wp-block-group p-animation-text-transform is-layout-constrained wp-block-group-is-layout-constrained\">\n<h4 class=\"wp-block-heading\">Ich habe nur eine grobe Idee \u2013 ist das genug?<\/h4>\n\n\n\n<p>Auf jeden Fall! Ich helfe Ihnen dabei, Ihre Idee zu strukturieren und in eine funktionierende L\u00f6sung zu verwandeln. Auch ohne technisches Vorwissen sind Sie bei mir gut aufgehoben.<\/p>\n<\/div>\n<\/div>\n\n\n\n<div class=\"wp-block-column is-layout-flow wp-block-column-is-layout-flow\" style=\"padding-top:var(--wp--preset--spacing--small);padding-right:var(--wp--preset--spacing--small);padding-bottom:var(--wp--preset--spacing--small);padding-left:var(--wp--preset--spacing--small)\">\n<div class=\"wp-block-group p-animation-text-transform is-layout-constrained wp-block-group-is-layout-constrained\" style=\"padding-bottom:var(--wp--preset--spacing--medium)\">\n<h4 class=\"wp-block-heading\">Geh\u00f6rt mir die Software nach der Entwicklung?<\/h4>\n\n\n\n<p>Ja, absolut. Sie zahlen einmalig f\u00fcr die Entwicklung \u2013 danach geh\u00f6rt die Software vollst\u00e4ndig Ihnen. Keine Lizenzgeb\u00fchren, keine Abos.<\/p>\n<\/div>\n\n\n\n<div class=\"wp-block-group p-animation-text-transform is-layout-constrained wp-block-group-is-layout-constrained\" style=\"padding-bottom:var(--wp--preset--spacing--medium)\">\n<h4 class=\"wp-block-heading\">Wie l\u00e4uft die Zusammenarbeit ab?<\/h4>\n\n\n\n<p>Nach einem ersten Gespr\u00e4ch kl\u00e4ren wir Anforderungen, Ziele und W\u00fcnsche. Dann erhalten Sie ein Konzept und ein Angebot. W\u00e4hrend der Umsetzung halte ich Sie regelm\u00e4\u00dfig auf dem Laufenden.<\/p>\n<\/div>\n\n\n\n<div class=\"wp-block-group p-animation-text-transform is-layout-constrained wp-block-group-is-layout-constrained\">\n<h4 class=\"wp-block-heading\">Bieten Sie auch langfristigen Support an?<\/h4>\n\n\n\n<p>Ja. Auf Wunsch betreue ich Ihre Software auch nach der Fertigstellung \u2013 mit Wartung, Updates oder Erweiterungen, wann immer Sie sie brauchen.<\/p>\n<\/div>\n<\/div>\n<\/div>\n\n\n\n<div style=\"height:1rem\" aria-hidden=\"true\" class=\"wp-block-spacer\"><\/div>\n<\/div>\n\n\n\n<p><\/p>\n","protected":false},"excerpt":{"rendered":"<p>Erleben Sie Software, die begeistert \u2013 leistungsstark, intuitiv, ma\u00dfgeschneidert Zeit f\u00fcr moderne Software Schluss mit&hellip;<\/p>\n","protected":false},"author":1,"featured_media":0,"parent":0,"menu_order":0,"comment_status":"closed","ping_status":"closed","template":"","meta":{"footnotes":""},"class_list":["post-16","page","type-page","status-publish","hentry"],"yoast_head":"<!-- This site is optimized with the Yoast SEO plugin v24.3 - https:\/\/yoast.com\/wordpress\/plugins\/seo\/ -->\n<title>Home - Calvin Erfmann<\/title>\n<meta name=\"robots\" content=\"index, follow, max-snippet:-1, max-image-preview:large, max-video-preview:-1\" \/>\n<link rel=\"canonical\" href=\"https:\/\/erfmann.dev\/\" \/>\n<meta property=\"og:locale\" content=\"en_US\" \/>\n<meta property=\"og:type\" content=\"article\" \/>\n<meta property=\"og:title\" content=\"Home - Calvin Erfmann\" \/>\n<meta property=\"og:description\" content=\"Erleben Sie Software, die begeistert \u2013 leistungsstark, intuitiv, ma\u00dfgeschneidert Zeit f\u00fcr moderne Software Schluss mit&hellip;\" \/>\n<meta property=\"og:url\" content=\"https:\/\/erfmann.dev\/\" \/>\n<meta property=\"og:site_name\" content=\"Calvin Erfmann\" \/>\n<meta property=\"article:modified_time\" content=\"2025-03-28T19:28:25+00:00\" \/>\n<meta name=\"twitter:card\" content=\"summary_large_image\" \/>\n<meta name=\"twitter:label1\" content=\"Est. reading time\" \/>\n\t<meta name=\"twitter:data1\" content=\"4 minutes\" \/>\n<script type=\"application\/ld+json\" class=\"yoast-schema-graph\">{\"@context\":\"https:\/\/schema.org\",\"@graph\":[{\"@type\":\"WebPage\",\"@id\":\"https:\/\/erfmann.dev\/\",\"url\":\"https:\/\/erfmann.dev\/\",\"name\":\"Home - Calvin Erfmann\",\"isPartOf\":{\"@id\":\"https:\/\/erfmann.dev\/#website\"},\"primaryImageOfPage\":{\"@id\":\"https:\/\/erfmann.dev\/#primaryimage\"},\"image\":{\"@id\":\"https:\/\/erfmann.dev\/#primaryimage\"},\"thumbnailUrl\":\"https:\/\/erfmann.dev\/wp-content\/themes\/prespa\/assets\/img\/patterns\/header-illustration.png\",\"datePublished\":\"2025-03-28T18:35:27+00:00\",\"dateModified\":\"2025-03-28T19:28:25+00:00\",\"breadcrumb\":{\"@id\":\"https:\/\/erfmann.dev\/#breadcrumb\"},\"inLanguage\":\"en-US\",\"potentialAction\":[{\"@type\":\"ReadAction\",\"target\":[\"https:\/\/erfmann.dev\/\"]}]},{\"@type\":\"ImageObject\",\"inLanguage\":\"en-US\",\"@id\":\"https:\/\/erfmann.dev\/#primaryimage\",\"url\":\"\",\"contentUrl\":\"\"},{\"@type\":\"BreadcrumbList\",\"@id\":\"https:\/\/erfmann.dev\/#breadcrumb\",\"itemListElement\":[{\"@type\":\"ListItem\",\"position\":1,\"name\":\"Home\",\"item\":\"https:\/\/erfmann.dev\/\"},{\"@type\":\"ListItem\",\"position\":2,\"name\":\"Home\"}]},{\"@type\":\"WebSite\",\"@id\":\"https:\/\/erfmann.dev\/#website\",\"url\":\"https:\/\/erfmann.dev\/\",\"name\":\"Calvin Erfmann\",\"description\":\"Software made in Haltern am See\",\"potentialAction\":[{\"@type\":\"SearchAction\",\"target\":{\"@type\":\"EntryPoint\",\"urlTemplate\":\"https:\/\/erfmann.dev\/?s={search_term_string}\"},\"query-input\":{\"@type\":\"PropertyValueSpecification\",\"valueRequired\":true,\"valueName\":\"search_term_string\"}}],\"inLanguage\":\"en-US\"}]}<\/script>\n<!-- \/ Yoast SEO plugin. -->","yoast_head_json":{"title":"Home - Calvin Erfmann","robots":{"index":"index","follow":"follow","max-snippet":"max-snippet:-1","max-image-preview":"max-image-preview:large","max-video-preview":"max-video-preview:-1"},"canonical":"https:\/\/erfmann.dev\/","og_locale":"en_US","og_type":"article","og_title":"Home - Calvin Erfmann","og_description":"Erleben Sie Software, die begeistert \u2013 leistungsstark, intuitiv, ma\u00dfgeschneidert Zeit f\u00fcr moderne Software Schluss mit&hellip;","og_url":"https:\/\/erfmann.dev\/","og_site_name":"Calvin Erfmann","article_modified_time":"2025-03-28T19:28:25+00:00","twitter_card":"summary_large_image","twitter_misc":{"Est. reading time":"4 minutes"},"schema":{"@context":"https:\/\/schema.org","@graph":[{"@type":"WebPage","@id":"https:\/\/erfmann.dev\/","url":"https:\/\/erfmann.dev\/","name":"Home - Calvin Erfmann","isPartOf":{"@id":"https:\/\/erfmann.dev\/#website"},"primaryImageOfPage":{"@id":"https:\/\/erfmann.dev\/#primaryimage"},"image":{"@id":"https:\/\/erfmann.dev\/#primaryimage"},"thumbnailUrl":"https:\/\/erfmann.dev\/wp-content\/themes\/prespa\/assets\/img\/patterns\/header-illustration.png","datePublished":"2025-03-28T18:35:27+00:00","dateModified":"2025-03-28T19:28:25+00:00","breadcrumb":{"@id":"https:\/\/erfmann.dev\/#breadcrumb"},"inLanguage":"en-US","potentialAction":[{"@type":"ReadAction","target":["https:\/\/erfmann.dev\/"]}]},{"@type":"ImageObject","inLanguage":"en-US","@id":"https:\/\/erfmann.dev\/#primaryimage","url":"","contentUrl":""},{"@type":"BreadcrumbList","@id":"https:\/\/erfmann.dev\/#breadcrumb","itemListElement":[{"@type":"ListItem","position":1,"name":"Home","item":"https:\/\/erfmann.dev\/"},{"@type":"ListItem","position":2,"name":"Home"}]},{"@type":"WebSite","@id":"https:\/\/erfmann.dev\/#website","url":"https:\/\/erfmann.dev\/","name":"Calvin Erfmann","description":"Software made in Haltern am See","potentialAction":[{"@type":"SearchAction","target":{"@type":"EntryPoint","urlTemplate":"https:\/\/erfmann.dev\/?s={search_term_string}"},"query-input":{"@type":"PropertyValueSpecification","valueRequired":true,"valueName":"search_term_string"}}],"inLanguage":"en-US"}]}},"_links":{"self":[{"href":"https:\/\/erfmann.dev\/index.php\/wp-json\/wp\/v2\/pages\/16","targetHints":{"allow":["GET"]}}],"collection":[{"href":"https:\/\/erfmann.dev\/index.php\/wp-json\/wp\/v2\/pages"}],"about":[{"href":"https:\/\/erfmann.dev\/index.php\/wp-json\/wp\/v2\/types\/page"}],"author":[{"embeddable":true,"href":"https:\/\/erfmann.dev\/index.php\/wp-json\/wp\/v2\/users\/1"}],"replies":[{"embeddable":true,"href":"https:\/\/erfmann.dev\/index.php\/wp-json\/wp\/v2\/comments?post=16"}],"version-history":[{"count":27,"href":"https:\/\/erfmann.dev\/index.php\/wp-json\/wp\/v2\/pages\/16\/revisions"}],"predecessor-version":[{"id":90,"href":"https:\/\/erfmann.dev\/index.php\/wp-json\/wp\/v2\/pages\/16\/revisions\/90"}],"wp:attachment":[{"href":"https:\/\/erfmann.dev\/index.php\/wp-json\/wp\/v2\/media?parent=16"}],"curies":[{"name":"wp","href":"https:\/\/api.w.org\/{rel}","templated":true}]}}